1304
What is 44d536 (base 16) in base 8?
21152466
Convert -16af3b (base 16) to base 8.
-5527473
Convert 26612 (base 13) to base 5.
4240313
Convert -1045416 (base 9) to base 13.
-168864
Convert 23435 (base 12) to base 10.
47273
Convert -10221111111 (base 3) to base 6.
-1355234
What is -5587144 (base 10) in base 6?
-315430224
What is -2334343 (base 6) in base 7?
-1014210
Convert -2533513 (base 6) to base 3.
-20221211000
Convert -1242431 (base 8) to base 3.
-122112202110
Convert 20386a5 (base 12) to base 16.
5c4cdd
Convert 164a719 (base 14) to base 10.
10938979
-336765 (base 12) to base 6
-25325005
Convert 425522 (base 7) to base 8.
220426
21123102002 (base 4) to base 10
2471042
What is 4515411 (base 6) in base 4?
313222333
Convert -365667 (base 8) to base 15.
-2746e
What is -22524212 (base 7) in base 8?
-7414734
What is -5413a (base 12) in base 2?
-11011000010111110
What is -193a0f (base 16) in base 2?
-110010011101000001111
-704b0c (base 13) to base 4
-21331020232
11904368 (base 10) to base 2
101101011010010101110000
2021431 (base 5) to base 11
22665
What is 517b6 (base 15) in base 7?
2123622
Convert -4bb32 (base 15) to base 11.
-155a24
2302150 (base 6) to base 2
11100100110010010
-1a6376 (base 13) to base 14
-1365c5
What is -3122411 (base 5) in base 2?
-1100100110010110
What is -40bdd (base 16) in base 3?
-111110202112
Convert 3532452 (base 6) to base 11.
115827
What is -14084 (base 15) in base 2?
-1111101011111001
533605 (base 7) to base 13
33196
What is -3110274 (base 9) in base 2?
-110010101010100000010
Convert -2434331 (base 6) to base 4.
-133210033
49753a (base 11) to base 12
31a9aa
Convert -3b558 (base 13) to base 3.
-12121221112
Convert -1a22f (base 16) to base 6.
-2143343
What is -9258 (base 15) in base 12?
-15a78
-10022211121102 (base 3) to base 11
-aa8587
385101 (base 13) to base 10
1353522
What is -1010101010100111111 (base 2) in base 12?
-14a313
Convert -204660 (base 12) to base 14.
-d2320
-212122112100110 (base 3) to base 6
-1125214103
What is 5a361b (base 12) in base 13?
3c05a5
Convert -110101100111101 (base 2) to base 13.
-c65a
Convert -32997 (base 10) to base 3.
-1200021010
123230121 (base 4) to base 10
113433
-45768b (base 13) to base 9
-3075725
-113223122 (base 4) to base 14
-274b8
What is -777693 (base 12) in base 11?
-1088596
Convert 31417 (base 12) to base 2.
1111110000010011
What is e927a5 (base 15) in base 12?
3870b0b
Convert -1637760 (base 12) to base 2.
-10001010111111001111000
What is 5327670 (base 9) in base 4?
22320210012
10440322022 (base 5) to base 12
3a9a934
What is 10100010100111110 (base 2) in base 5?
10131022
Convert -31478 (base 13) to base 6.
-1522235
-5565028 (base 11) to base 10
-9757591
What is 576727 (base 8) in base 4?
233313113
What is -20639 (base 14) in base 6?
-1401215
What is -ab1839 (base 15) in base 12?
-28939a6
Convert -10000110100100100000 (base 2) to base 5.
-120114300
Convert 917a3 (base 12) to base 3.
100121220220
Convert -67712 (base 15) to base 12.
-13a45b
231456 (base 8) to base 5
10004023
41042031 (base 5) to base 14
88831
Convert 221212212000 (base 3) to base 10.
509463
100221201100102 (base 3) to base 6
305210445
Convert 4424011030 (base 5) to base 13.
1cac138
Convert -1544 (base 6) to base 14.
-224
Convert 3123312220 (base 4) to base 10.
900520
49845 (base 10) to base 2
1100001010110101
What is 11425361 (base 7) in base 10?
1015127
What is -10101101110110010100 (base 2) in base 7?
-6024022
119302 (base 10) to base 11
816a7
What is 2402726 (base 8) in base 16?
a05d6
What is -75667 (base 9) in base 6?
-1024011
What is 57400 (base 10) in base 13?
20185
Convert -15daa (base 14) to base 8.
-153062
What is -473287 (base 10) in base 15?
-95377
What is 1001000110101110 (base 2) in base 8?
110656
What is -817ec (base 16) in base 9?
-887526
Convert 630c3 (base 14) to base 10.
238899
1bdb05 (base 16) to base 11
1037613
Convert 30121111311 (base 4) to base 15.
442c50
Convert -30a38 (base 11) to base 9.
-67863
10101011001010110 (base 2) to base 16
15656
-126558 (base 9) to base 13
-29084
-204552 (base 8) to base 7
-402044
What is b15 (base 14) in base 8?
4177
85e58c (base 16) to base 3
121111211002221
11120200122 (base 3) to base 4
112000322
19320b (base 14) to base 12
3703a3
Convert -22112332033 (base 4) to base 10.
-2715535
Convert 10678553 (base 10) to base 2.
101000101111000100011001
What is -11141211312 (base 5) in base 2?
-101111011110001110100110
What is 468a3 (base 12) in base 2?
10111000101111011
What is -1455cc1 (base 13) in base 5?
-3123433311
-30303002002 (base 4) to base 14
-634814
Convert -2110600 (base 8) to base 7.
-4526063
What is 21661c (base 13) in base 7?
6450463
Convert 107af9 (base 16) to base 14.
20186d
Convert 12011132 (base 4) to base 11.
17800
-760365 (base 10) to base 13
-208128
5324565 (base 8) to base 5
330412022
What is -252244 (base 6) in base 9?
-33851
Convert 3024030023 (base 5) to base 14.
b43a69
What is 37643 (base 12) in base 8?
222723
What is -64abc1 (base 14) in base 5?
-1333112443
Convert -2144413 (base 6) to base 7.
-624540
Convert -91d4a (base 15) to base 10.
-461995
Convert 100022012010 (base 3) to base 5.
21324432
-b66763 (base 13) to base 3
-22000221101110
-31511320 (base 6) to base 9
-1662513
What is 378739 (base 14) in base 16?
1d145f
-65728 (base 10) to base 15
-1471d
-3144776 (base 9) to base 8
-6327340
36552f (base 16) to base 6
204152543
Convert -11001010000111011001110 (base 2) to base 14.
-c45862
Convert 588696 (base 10) to base 4.
2033232120
Convert 107299 (base 12) to base 15.
52673
1212110321 (base 5) to base 12
b53aaa
189492 (base 10) to base 5
22030432
61203044 (base 7) to base 4
103123203032
Convert -b6cc6d (base 15) to base 3.
-121101000101211
Convert -143aa6 (base 11) to base 3.
-102102112220
What is 212021200200 (base 3) in base 2?
1101111111001001100
What is 634552 (base 11) in base 4?
3320012113
What is -30840003 (base 9) in base 7?
-240126210
What is 2644055 (base 7) in base 16?
54c14
What is -31013112221 (base 4) in base 13?
-934b20
705164 (base 9) to base 10
417127
526c97 (base 13) to base 4
13112323121
What is 366aa4 (base 13) in base 5?
313102001
Convert -341182 (base 11) to base 7.
-4421563
Convert 243322350 (base 6) to base 4.
101232020322
Convert -4620860 (base 9) to base 16.
-260dba
14126242 (base 7) to base 14
264422
Convert 30420443 (base 5) to base 16.
3c9b8
10202111210 (base 3) to base 15
16dd6
What is -2a77214 (base 11) in base 4?
-110011210131
Convert 12104065 (base 8) to base 13.
7200a6
What is 110100000110010100 (base 2) in base 10?
213396
What is -26c239 (base 13) in base 6?
-32055034
Convert 14112d (base 14) to base 7.
5621456
Convert -9851d0 (base 14) to base 16.
-4ec372
Convert -2a838 (base 12) to base 11.
-41049
Convert 26b502 (base 12) to base 2.
10011100101100010010
Convert -1051510 (base 7) to base 13.
-47392
What is -20151414 (base 6) in base 7?
-4611631
-110311331310 (base 4) to base 15
-72de19
Convert -393b8 (base 13) to base 2.
-11001111010000010
Convert -70550 (base 15) to base 6.
-11342103
-3121087 (base 12) to base 16
-8d2527
What is -810b60 (base 13) in base 8?
-13345012
Convert 834 (base 10) to base 13.
4c2
Convert -237074 (base 12) to base 15.
-b4771
What is 1245022 (base 8) in base 10?
346642
Convert 112300232211 (base 4) to base 3.
102020010212000
What is 554366 (base 7) in base 3?
11221220002
Convert 10b5c4 (base 13) to base 3.
202010211220
-25415000 (base 6) to base 9
-1488830
Convert -43244332 (base 6) to base 11.
-7a5846
Convert 30331322 (base 4) to base 3.
2200212012
-10614660 (base 8) to base 16
-2319b0
15409 (base 13) to base 8
116447
What is -2115568 (base 12) in base 4?
-113312013200
11232310010 (base 4) to base 11
936910
Convert 3132221312 (base 4) to base 6.
31314102
Convert -2ed41 (base 15) to base 4.
-210332332
What is 111101001111011111110 (base 2) in base 15?
299907
What is 11021100211 (base 3) in base 8?
244204
What is a852 (base 15) in base 4?
20230223
423669 (base 11) to base 10
678280
What is -79854 (base 10) in base 3?
-11001112120
-2c153 (base 16) to base 5
-21234223
39a599 (base 12) to base 6
32215513
-94609b (base 12) to base 8
-10714367
Convert 1354564 (base 7) to base 2.
101100010111101010
What is 43403600 (base 8) in base 13?
1c0b916
What is 4a5ab (base 13) in base 11?